81. Is j composite?
False
Let o(j) = 8*j**2 - 5*j - 21. Suppose -11*g = -7*g - 24. Is o(g) prime?
False
Suppose 4*r = -r - 10. Is (-3 - (502 - -3))/r prime?
False
Suppose 133*b + 3309 = 136*b. Is b composite?
False
Let g be -4 + 0 + (80 - -19). Suppose 0 = 3*x + g - 2762. Is x a composite number?
True
Let g(x) = 163*x**2 + 3*x - 65. Is g(-7) a composite number?
False
Let n be (-8)/((-8)/(4 - 0)). Suppose -595 = -n*s + 601. Is s prime?
False
Let n(f) = 20*f**2 + 22*f - 115. Is n(-14) a composite number?
True
Let d = -1196 - -1696. Let q = d + 100. Let h = q - -191. Is h a composite number?
True
Suppose -1870 = -3*r + 707. Is r a composite number?
False
Is 4*8/112 + 573252/21 a prime number?
False
Let h = -423 + 1695. Suppose 0 = -3*l - 5*s + 1802, -3*s = -4*l + h + 1121. Is l prime?
True
Let a = -266 + 1674. Suppose d = -w + 4*d + a, 0 = 2*w + d - 2851. Is w prime?
True
Suppose -y + 2*s + 2 = 7, 4*y + 38 = -s. Is 24/(-8)*1497/y a composite number?
False
Let d = 152 - 357. Let z = -197 - 219. Let u = d - z. Is u a prime number?
True
Suppose -43 = -6*h + 2*h - o, -2*h = -5*o - 49. Suppose h*s - 11*s - 573 = 0. Is s prime?
False
Let k(j) = -3*j - 7. Let o be k(-5). Suppose 3*p = -0*z - z + o, -2*z + 4*p - 14 = 0. Is z/(-6) + (-413)/(-6) prime?
False
Let c(n) = 46*n. Let l be c(-3). Let r = l - -389. Is r composite?
False
Suppose -38*x + 34*x = 2*g - 22278, 3*x + 55630 = 5*g. Is g prime?
False
Let b(x) = 4*x - 2. Let d be b(-1). Is (5199/6)/((-3)/d) a prime number?
True
Suppose 15*j - 19*j + 8 = 0. Suppose -173 = 3*r + a, j*r + a = 3*a - 126. Let w = r + 136. Is w a composite number?
True
Suppose -2*p = -c - 836, -3*p + 1087 = c - 172. Is p a prime number?
True
Let y = 9 + -5. Let v(c) = -271*c**3 + 4*c + 4. Let z be v(-2). Suppose y*r - z = -0*r. Is r a composite number?
False
Suppose -9*c = 4*c - 169. Suppose 0 = -4*j - c*j + 29767. Is j prime?
False
Suppose -q - 2*h + 6243 = 0, 5383 = 3*q + 2*h - 13342. Is q composite?
True
Let b(d) = -d + 18. Let q be b(13). Let h(a) = 12 + 4*a - a + q*a**2 + 3*a. Is h(-11) a prime number?
False
Let s(t) = t**3 - 7*t**2 - 13*t + 9. Let g be s(8). Let j = g + -30. Let r = j - -135. Is r prime?
False
Suppose -43 = 3*q - q - j, 0 = -3*q + 2*j - 64. Is (-14861)/q + (-6)/(-4) a prime number?
True
Suppose -h + 0*h + 3 = 0. Let k(j) = 2*j**2 + 4*j + 1. Let b be k(h). Let n = 190 + b. Is n a prime number?
False
Let z = -2649 + 11506. Is z a prime number?
False
Suppose g + 5*v - 6*v - 2674 = 0, 2*g - 5313 = -5*v. Is g a composite number?
True
Let h(k) = k**2 + 7*k + 3. Let z be h(-7). Suppose 2*m - 8891 = -3*m - z*y, 2*m - y - 3552 = 0. Is m prime?
True
Suppose -5*h + 10*h - 10 = 0. Suppose 15 = 4*p + 5*u, 2*u = h*p - 3*u + 15. Suppose -9 = -3*j, -3*c - 4*j + p = -111. Is c composite?
True
Let h(u) = -2*u**3 - 4*u**2 - 32*u - 5. Is h(-7) a composite number?
False
Suppose -32085 = -20*c + 41095. Is c composite?
False
Let t be -2458*(1/2)/(-1). Suppose 0 = -5*z - 2*j + 2007, -z - 5*j - t = -4*z. Suppose -4*b = -a + 123, -b = -3*a - 6*b + z. Is a composite?
False
Let m(p) = 5*p - 6. Let h be m(5). Suppose -3*t - 6*t = 1656. Let a = h - t. Is a composite?
True
Let m(a) = 15*a**2 - 71*a + 5. Is m(21) a composite number?
True
Let z(s) = s**3 - 21*s**2 - 18*s - 5. Let v be z(23). Suppose 0 = -2*l + 3*w + 428, 4*w - w + v = 3*l. Is l composite?
False
Let w = -11 - -11. Suppose 0 = 3*o - 0*o + 5*u - 17, -3*u + 12 = w. Is (2 + o - 212)/(-1) prime?
True
Let r(b) be the second derivative of b**5/20 - b**4/12 + b**3/6 - 7*b**2/2 - 8*b. Let j be r(0). Is (2 - -477)/(-6 - j) composite?
False
Is 18/27*(-981)/(-6) prime?
True
Suppose 0*n - 2*n + 126 = 0. Suppose -5*h - 4*s + n = 0, -4*h - 2*s - 18 + 72 = 0. Let j(d) = 14*d + 16. Is j(h) a prime number?
False
Suppose -5*s = v - 79, -4*v - 2*s + 527 - 139 = 0. Suppose 1167 + v = 2*g. Is g a prime number?
False
Let x = 64526 - 45157. Is x a composite number?
True
Let r be 128/24 + -5 + 569/3. Let p be 4/2*(-267)/(-2). Let g = p - r. Is g composite?
True
Suppose 27*y = 12*y + 10545. Is y prime?
False
Let v(c) = 243*c**3 - 3*c**2 + 6*c - 1. Is v(5) a prime number?
False
Is 2/(-3) - ((-488136)/18)/4 prime?
True
Suppose 4*t + q - 56660 = -q, 4*t - q - 56648 = 0. Is t composite?
True
Suppose 173 = 4*k - 275. Suppose -5*g + 2243 = -k. Is g composite?
True
Let x = -22121 - -51390. Is x a composite number?
False
Suppose 32*b - 23*b = 56349. Is b a composite number?
True
Let s(b) = -1785*b + 142. Is s(-3) a prime number?
False
Let k(w) be the second derivative of 4*w**5/15 + w**4/8 + w**3/6 - w**2/2 + 2*w. Let x(o) be the first derivative of k(o). Is x(2) composite?
False
Let i = 1623 + 276. Is (-4 + 0 + 1)/((-27)/i) a prime number?
True
Suppose 2*g + 5*l - 75054 = -g, 2*g - 2*l - 50020 = 0. Is g a prime number?
True
Let a = 4 + 2. Let j(q) = q**3 + 3*q**2 - 2*q + 7. Is j(a) a prime number?
False
Is 51/(-21)*-3111 - 8/28 prime?
False
Suppose 15 = -5*n, -4*x - x - 2*n + 15754 = 0. Let j = 609 + x. Is j a prime number?
True
Suppose 0*p - 75 = -3*p. Let d = 46 + p. Is d a composite number?
False
Let r(z) = -259*z + 5. Let w be r(1). Let h = w - -673. Is h a prime number?
True
Suppose 0 = 4*o - 0*o - 8. Suppose o*v = 6*v. Suppose v = 2*f - 706 - 280. Is f prime?
False
Suppose -6 = 3*v - 4*v - 3*r, 0 = -v - 5*r. Is (-7554)/v*50/(-20) composite?
False
Suppose -7113 = -5*a + 4432. Is a a prime number?
True
Is 5*774/27 - 2/6 a prime number?
False
Let m(d) = 11*d - 16 + 2 - 4*d**3 + 6 - 9*d**2 + 3*d**3. Let w be m(-10). Let f = w - -32. Is f a prime number?
False
Let y be 1/5 + (-24)/(-5). Suppose -9*x - w = -10*x + 524, -2099 = -4*x + y*w. Is x a prime number?
True
Let y(s) = -s**3 - 6*s + 491. Is y(0) a prime number?
True
Suppose d = r, r = -5*d + 2 + 10. Suppose -f + d*f = 357. Suppose -474 = -2*g + 2*v, v + f = 4*g - 579. Is g prime?
True
Let j = 61 - 335. Is 2 - j/2 - -2 prime?
False
Suppose 4*i = -2*x - 678, i - 90 = x - 252. Suppose 5*u = 4*u + 15. Is (1 + i)/((-10)/u) prime?
False
Suppose -2*t - 3*u + 5605 = 0, -3*t + 0*u = 2*u - 8415. Suppose -4*b + 3*l = -t, b - 5*l = -l + 705. Is b a composite number?
False
Let d(x) = -x**3 - 3*x**2 - 2*x - 1. Suppose -4*y = -0*y - 24. Let h = -11 + y. Is d(h) composite?
False
Let k = -16 - 65. Let g = k - -178. Let x = g + -14. Is x a prime number?
True
Let g(z) = -z. Let v(f) = 6*f + 9. Suppose -2*p = -0*p - 2. Let x(s) = p*v(s) - 2*g(s). Is x(11) composite?
False
Suppose -4*o + 7352 = -4*l, 35*l = -3*o + 31*l + 5549. Is o a prime number?
False
Let a(s) = -s**3 + 1 + 4*s + 9*s**2 + 2*s**3 + s**2 - 2*s**2. Let w be a(-7). Let j = w + 157. Is j a prime number?
True
Let n be 0 - (-3 - 0 - 263). Suppose 0 = -4*q + n + 5250. Is q prime?
False
Let s(u) = -u**3 + 6*u**2 + 8*u - 5. Let n be s(8). Is (-36)/6*n/9 a prime number?
False
Let b(v) = -19*v + 2. Let z be b(-2). Let d(k) = -33 + z*k + 18*k + 6. Is d(11) a prime number?
False
Let w(i) = 138*i**3 - 2*i**2 - 4*i - 2. Is w(4) prime?
False
Let n be 2*2*(-39)/(-12). Let o = 6 - n. Is o*158/(-4 + 2) a composite number?
True
Let p(f) = 271*f**2 + f - 1. Is p(-1) prime?
True
Let q(p) = -1349*p + 16. Is q(-5) prime?
True
Let w = 371906 - 224493. Is w a composite number?
True
Is (-63 - -4)*3*(-122)/6 a composite number?
True
Suppose -12 = -3*u - 3*g, u + 2*u - g = 20. Suppose 0*i + u*i = 498. Is i composite?
False
Let p be 4/(-14) + (-138)/(-42). Suppose 3*h = p*i + 60, 5*h - 45 - 55 = -3*i. Let g = 27 + h. Is g composite?
False
Let k(u) = -116*u**2 + 2*u - 11. Let a(s) = -58*s**2 + s - 6. Let q = -22 + 33. Let o(v) = q*a(v) - 6*k(v). Is o(-1) a composite number?
False
Suppose 5*c + 12 = c. Is ((-6074)/(-4))/(0 + c/(-6)) a composite number?
False
Let c be -1 - ((-3)/2)/(16/32). Suppose -5*z - r = -598, -c*r - 3*r = -5*z + 580. Is z prime?
False
Let y = -59 + 42. Is (2 + -448)*y/34 a composite number?
False
Suppose -s + 0*s = -106. Suppose s = 3*v + k - 922, -2*v - 2*k = -692. Suppose -4*w + z = -v, -111 = -3*w - 4*z + 140. Is w prime?
False
Let l = 18422 - -48985. Is l a prime number?
False
Let l be 103/(3 + -2) + 1 + 0. Let v be 2 + 1 + -1 - -85. Suppose z = l + v. Is z composite?
False
Suppose 27*q = 32*q - 3170. Suppose 6*s + q = 8*s. Is s a composite number?
False
Suppose 513 = -3*x - 96. Let j = 9 - x. Suppose j